{"id":27967,"date":"2026-09-03T16:32:50","date_gmt":"2026-09-03T14:32:50","guid":{"rendered":"https:\/\/www1.kkl.si\/?page_id=27967"},"modified":"2026-09-03T19:50:20","modified_gmt":"2026-09-03T17:50:20","slug":"vetecz-tarsulat-rockbalett","status":"publish","type":"page","link":"https:\/\/www1.kkl.si\/hu\/vetecz-tarsulat-rockbalett\/","title":{"rendered":"Vetecz T\u00e1rsulat: Rockbalett"},"content":{"rendered":"<div class=\"opis\"><i class=\"fas fa-clock\"><\/i> <strong>2026. szeptember 26. szombat, 19.00<\/strong> | Lendvai Sz\u00ednh\u00e1z- \u00e9s Hangversenyterem<img loading=\"lazy\" decoding=\"async\" class=\"wp-image-1592 alignright\" title=\"Fizet\u0151s rendezv\u00e9ny\" src=\"https:\/\/www1.kkl.si\/wp-content\/uploads\/\/2020\/07\/spored_simb_placljiva-1.svg\" sizes=\"auto, (max-width: 30px) 100vw, 30px\" srcset=\"https:\/\/www1.kkl.si\/wp-content\/uploads\/\/2020\/07\/spored_simb_placljiva-1.svg 150w, https:\/\/www1.kkl.si\/wp-content\/uploads\/\/2020\/07\/spored_simb_placljiva-1.svg 400w, https:\/\/www1.kkl.si\/wp-content\/uploads\/\/2020\/07\/spored_simb_placljiva-1.svg 1500w, https:\/\/www1.kkl.si\/wp-content\/uploads\/\/2020\/07\/spored_simb_placljiva-1.svg 100w\" alt=\"placljiva\" width=\"30\" height=\"30\" \/><br \/>\n<i class=\"fas fa-chevron-circle-right\"><\/i> <strong>t\u00e1ncel\u0151ad\u00e1s a legnagyobb rocksl\u00e1gerekre<br \/>\n<\/strong> <i class=\"fas fa-ticket-alt\"><\/i> A bel\u00e9p\u0151jegy \u00e1ra: <strong>15 \u20ac<\/strong><br \/>\nJegyek a Lendvai Sz\u00ednh\u00e1z-\u00e9s Hangversenyterem p\u00e9nzt\u00e1r\u00e1n\u00e1l kaphat\u00f3k. <i class=\"fas fa-phone-alt\"><\/i> +386 (0)2 577 60 24.<br \/>\nSzervez\u0151: <a href=\"https:\/\/vetecztarsulat.hu\/\">Vetecz T\u00e1rsulat<\/a> | A rendezv\u00e9ny a <a href=\"https:\/\/www.kkl.si\/\">Lendvai K\u00f6nyvt\u00e1r \u00e9s Kultur\u00e1lis K\u00f6zpont<\/a> t\u00e1rsszervez\u00e9s\u00e9ben val\u00f3sul meg.<\/div>\n<p><a href=\"https:\/\/www1.kkl.si\/wp-content\/uploads\/2026\/09\/rockbalett_web.jpg\" data-lbwps-width=\"2142\" data-lbwps-height=\"3000\" data-lbwps-srcsmall=\"https:\/\/www1.kkl.si\/wp-content\/uploads\/2026\/09\/rockbalett_web.jpg\"><img loading=\"lazy\" decoding=\"async\" class=\"size-medium wp-image-27951 alignleft\" src=\"https:\/\/www1.kkl.si\/wp-content\/uploads\/2026\/09\/rockbalett_web-scaled-286x400.jpg\" alt=\"\" width=\"286\" height=\"400\" srcset=\"https:\/\/www1.kkl.si\/wp-content\/uploads\/2026\/09\/rockbalett_web-scaled-286x400.jpg 286w, https:\/\/www1.kkl.si\/wp-content\/uploads\/2026\/09\/rockbalett_web-scaled-1071x1500.jpg 1071w, https:\/\/www1.kkl.si\/wp-content\/uploads\/2026\/09\/rockbalett_web-scaled.jpg 1828w\" sizes=\"auto, (max-width: 286px) 100vw, 286px\" \/><\/a><strong>Le\u00edr\u00e1s:<\/strong><\/p>\n<p>A Vetecz T\u00e1rsulat N\u00e9meth Veronika diplom\u00e1s t\u00e1ncm\u0171v\u00e9sz \u00e9s el\u0151ad\u00f3m\u0171v\u00e9sz vezet\u00e9s\u00e9vel, valamint Varga Istv\u00e1n Th\u00e1lie-d\u00edjas koreogr\u00e1fus \u00e9s t\u00e1ncm\u0171v\u00e9sz szakmai t\u00e1mogat\u00e1s\u00e1val indult \u00fatj\u00e1ra Zalaegerszegen.<\/p>\n<p>Els\u0151 saj\u00e1t t\u00e1ncsz\u00ednh\u00e1zi produkci\u00f3juk r\u00f6vid id\u0151 alatt t\u00f6bb rangos helysz\u00ednen is bemutatkozott, \u00e9s t\u00f6bbek k\u00f6z\u00f6tt a zalaegerszegi Vadp\u00f6rk\u00f6lt Fesztiv\u00e1lon is kiemelked\u0151 sikert aratott.<\/p>\n<p>A t\u00e1rsulat jelenleg \u00faj el\u0151ad\u00e1s\u00e1n dolgozik, amelynek \u00fcnnep\u00e9lyes premierje 2026 december\u00e9ben v\u00e1rhat\u00f3.<\/p>\n<p>A Vetecz T\u00e1rsulat soksz\u00edn\u0171, sokoldal\u00fa alkot\u00f3k\u00f6z\u00f6ss\u00e9g, amely t\u00f6bb m\u0171fajban is otthonosan mozog, \u00e9s folyamatosan nyitott a tehets\u00e9gek, m\u0171v\u00e9szek \u00e9s kreat\u00edv egy\u00fcttm\u0171k\u00f6d\u00e9sek fel\u00e9.<\/p>\n<p>Legsikeresebb \u00e9s legnagyobb k\u00f6z\u00f6ns\u00e9gsikert arat\u00f3 produkci\u00f3juk, a ROCKBALETT. A lend\u00fcletes, l\u00e1tv\u00e1nyos \u00e9s \u00e9rzelmekkel teli el\u0151ad\u00e1s a magyar \u00e9s amerikai rockzene ikonikus vil\u00e1g\u00e1t \u00f6tv\u00f6zi a modern t\u00e1ncsz\u00ednh\u00e1z erej\u00e9vel.<\/p>\n<p>A nagysiker\u0171 produkci\u00f3 szeptembert\u0151l nemzetk\u00f6zi turn\u00e9ra indul: a t\u00e1rsulat Erd\u00e9lyben \u00e9s Szlov\u00e9ni\u00e1ban is bemutatja ezt a k\u00fcl\u00f6nleges m\u0171v\u00e9szi alkot\u00e1st.<\/p>\n<p><iframe loading=\"lazy\" title=\"Rock Balett Premier\" width=\"720\" height=\"405\" src=\"https:\/\/www.youtube.com\/embed\/tZc2rpbF4CM?feature=oembed\" frameborder=\"0\" allow=\"accelerometer; autoplay; clipboard-write; encrypted-media; gyroscope; picture-in-picture; web-share\" referrerpolicy=\"strict-origin-when-cross-origin\" allowfullscreen><\/iframe><\/p>\n<p><i class=\"fas fa-link\" style=\"solid\"><\/i> <a href=\"https:\/\/vetecztarsulat.hu\/\">Vetecz T\u00e1rsulat<\/a><\/p>\n","protected":false},"excerpt":{"rendered":"<p>2026. szeptember 26. szombat, 19.00 | Lendvai Sz\u00ednh\u00e1z- \u00e9s Hangversenyterem t\u00e1ncel\u0151ad\u00e1s a legnagyobb rocksl\u00e1gerekre A bel\u00e9p\u0151jegy \u00e1ra: 15 \u20ac Jegyek a Lendvai Sz\u00ednh\u00e1z-\u00e9s Hangversenyterem p\u00e9nzt\u00e1r\u00e1n\u00e1l kaphat\u00f3k. +386 (0)2 577 60 24. Szervez\u0151: Vetecz T\u00e1rsulat | A rendezv\u00e9ny a Lendvai K\u00f6nyvt\u00e1r \u00e9s Kultur\u00e1lis K\u00f6zpont t\u00e1rsszervez\u00e9s\u00e9ben val\u00f3sul meg. Le\u00edr\u00e1s: A Vetecz T\u00e1rsulat N\u00e9meth Veronika diplom\u00e1s t\u00e1ncm\u0171v\u00e9sz \u00e9s [&hellip;]<\/p>\n","protected":false},"author":2,"featured_media":27966,"parent":0,"menu_order":0,"comment_status":"closed","ping_status":"closed","template":"","meta":{"footnotes":""},"class_list":["post-27967","page","type-page","status-publish","has-post-thumbnail","hentry","post","post-with-thumbnail","post-with-thumbnail-icon"],"_links":{"self":[{"href":"https:\/\/www1.kkl.si\/hu\/wp-json\/wp\/v2\/pages\/27967","targetHints":{"allow":["GET"]}}],"collection":[{"href":"https:\/\/www1.kkl.si\/hu\/wp-json\/wp\/v2\/pages"}],"about":[{"href":"https:\/\/www1.kkl.si\/hu\/wp-json\/wp\/v2\/types\/page"}],"author":[{"embeddable":true,"href":"https:\/\/www1.kkl.si\/hu\/wp-json\/wp\/v2\/users\/2"}],"replies":[{"embeddable":true,"href":"https:\/\/www1.kkl.si\/hu\/wp-json\/wp\/v2\/comments?post=27967"}],"version-history":[{"count":4,"href":"https:\/\/www1.kkl.si\/hu\/wp-json\/wp\/v2\/pages\/27967\/revisions"}],"predecessor-version":[{"id":27975,"href":"https:\/\/www1.kkl.si\/hu\/wp-json\/wp\/v2\/pages\/27967\/revisions\/27975"}],"wp:featuredmedia":[{"embeddable":true,"href":"https:\/\/www1.kkl.si\/hu\/wp-json\/wp\/v2\/media\/27966"}],"wp:attachment":[{"href":"https:\/\/www1.kkl.si\/hu\/wp-json\/wp\/v2\/media?parent=27967"}],"curies":[{"name":"wp","href":"https:\/\/api.w.org\/{rel}","templated":true}]}}

Vetecz Társulat: Rockbalett

<div class="opis"><i class="fas fa-clock"></i> <strong>2026. szeptember 26. szombat, 19.00</strong> | Lendvai Színház- és Hangversenyterem<img loading="lazy" decoding="async" class="wp-image-1592 alignright" title="Fizetős rendezvény" src="https://www1.kkl.si/wp-content/uploads//2020/07/spored_simb_placljiva-1.svg" sizes="auto, (max-width: 30px) 100vw, 30px" srcset="https://www1.kkl.si/wp-content/uploads//2020/07/spored_simb_placljiva-1.svg 150w, https://www1.kkl.si/wp-content/uploads//2020/07/spored_simb_placljiva-1.svg 400w, https://www1.kkl.si/wp-content/uploads//2020/07/spored_simb_placljiva-1.svg 1500w, https://www1.kkl.si/wp-content/uploads//2020/07/spored_simb_placljiva-1.svg 100w" alt="placljiva" width="30" height="30" /><br />
<i class="fas fa-chevron-circle-right"></i> <strong>táncelőadás a legnagyobb rockslágerekre<br />
</strong> <i class="fas fa-ticket-alt"></i> A belépőjegy ára: <strong>15 €</strong><br />
Jegyek a Lendvai Színház-és Hangversenyterem pénztáránál kaphatók. <i class="fas fa-phone-alt"></i> +386 (0)2 577 60 24.<br />
Szervező: <a href="https://vetecztarsulat.hu/">Vetecz Társulat</a> | A rendezvény a <a href="https://www.kkl.si/">Lendvai Könyvtár és Kulturális Központ</a> társszervezésében valósul meg.</div>
<p><a href="https://www1.kkl.si/wp-content/uploads/2026/09/rockbalett_web.jpg" data-lbwps-width="2142" data-lbwps-height="3000" data-lbwps-srcsmall="https://www1.kkl.si/wp-content/uploads/2026/09/rockbalett_web.jpg"><img loading="lazy" decoding="async" class="size-medium wp-image-27951 alignleft" src="https://www1.kkl.si/wp-content/uploads/2026/09/rockbalett_web-scaled-286x400.jpg" alt="" width="286" height="400" srcset="https://www1.kkl.si/wp-content/uploads/2026/09/rockbalett_web-scaled-286x400.jpg 286w, https://www1.kkl.si/wp-content/uploads/2026/09/rockbalett_web-scaled-1071x1500.jpg 1071w, https://www1.kkl.si/wp-content/uploads/2026/09/rockbalett_web-scaled.jpg 1828w" sizes="auto, (max-width: 286px) 100vw, 286px" /></a><strong>Leírás:</strong></p>
<p>A Vetecz Társulat Németh Veronika diplomás táncművész és előadóművész vezetésével, valamint Varga István Thálie-díjas koreográfus és táncművész szakmai támogatásával indult útjára Zalaegerszegen.</p>
<p>Első saját táncszínházi produkciójuk rövid idő alatt több rangos helyszínen is bemutatkozott, és többek között a zalaegerszegi Vadpörkölt Fesztiválon is kiemelkedő sikert aratott.</p>
<p>A társulat jelenleg új előadásán dolgozik, amelynek ünnepélyes premierje 2026 decemberében várható.</p>
<p>A Vetecz Társulat sokszínű, sokoldalú alkotóközösség, amely több műfajban is otthonosan mozog, és folyamatosan nyitott a tehetségek, művészek és kreatív együttműködések felé.</p>
<p>Legsikeresebb és legnagyobb közönségsikert arató produkciójuk, a ROCKBALETT. A lendületes, látványos és érzelmekkel teli előadás a magyar és amerikai rockzene ikonikus világát ötvözi a modern táncszínház erejével.</p>
<p>A nagysikerű produkció szeptembertől nemzetközi turnéra indul: a társulat Erdélyben és Szlovéniában is bemutatja ezt a különleges művészi alkotást.</p>
<p><iframe loading="lazy" title="Rock Balett Premier" width="720" height="405" src="https://www.youtube.com/embed/tZc2rpbF4CM?feature=oembed" frameborder="0" allow="accelerometer; autoplay; clipboard-write; encrypted-media; gyroscope; picture-in-picture; web-share" referrerpolicy="strict-origin-when-cross-origin" allowfullscreen></iframe></p>
<p><i class="fas fa-link" style="solid"></i> <a href="https://vetecztarsulat.hu/">Vetecz Társulat</a></p>

<p>2026. szeptember 26. szombat, 19.00 | Lendvai Színház- és Hangversenyterem táncelőadás a legnagyobb rockslágerekre A belépőjegy ára: 15 € Jegyek a Lendvai Színház-és Hangversenyterem pénztáránál kaphatók. +386 (0)2 577 60 24. Szervező: Vetecz Társulat | A rendezvény a Lendvai Könyvtár és Kulturális Központ társszervezésében valósul meg. Leírás: A Vetecz Társulat Németh Veronika diplomás táncművész és [&hellip;]</p>
