{"id":27953,"date":"2026-09-03T16:32:50","date_gmt":"2026-09-03T14:32:50","guid":{"rendered":"https:\/\/www1.kkl.si\/?page_id=27953"},"modified":"2026-09-03T19:50:39","modified_gmt":"2026-09-03T17:50:39","slug":"vetecz-tarsulat-rockbalet","status":"publish","type":"page","link":"https:\/\/www1.kkl.si\/sl\/vetecz-tarsulat-rockbalet\/","title":{"rendered":"Vetecz T\u00e1rsulat: Rockbalet"},"content":{"rendered":"<div class=\"opis\"><i class=\"fas fa-clock\"><\/i> <strong>sobota, 26. september 2026, ob 19.0000<\/strong> | Gledali\u0161ka in koncertna dvorana Lendava<img loading=\"lazy\" decoding=\"async\" class=\"wp-image-1592 alignright\" title=\"Pla\u010dljiva prireditev\" src=\"https:\/\/www1.kkl.si\/wp-content\/uploads\/\/2020\/07\/spored_simb_placljiva-1.svg\" alt=\"placljiva\" width=\"30\" height=\"30\" srcset=\"https:\/\/www1.kkl.si\/wp-content\/uploads\/\/2020\/07\/spored_simb_placljiva-1.svg 150w, https:\/\/www1.kkl.si\/wp-content\/uploads\/\/2020\/07\/spored_simb_placljiva-1.svg 400w, https:\/\/www1.kkl.si\/wp-content\/uploads\/\/2020\/07\/spored_simb_placljiva-1.svg 1500w, https:\/\/www1.kkl.si\/wp-content\/uploads\/\/2020\/07\/spored_simb_placljiva-1.svg 100w\" sizes=\"auto, (max-width: 30px) 100vw, 30px\" \/><br \/>\n<i class=\"fas fa-chevron-circle-right\"><\/i> <strong>plesna predstava z najve\u010djimi rock uspe\u0161nicami<br \/>\n<\/strong> <i class=\"fas fa-ticket-alt\"><\/i> Vstopnina: <strong>15 \u20ac<\/strong><br \/>\nVstopnice so na voljo na blagajni Gledali\u0161ke in koncertne dvorane Lendava. Blagajna: <i class=\"fas fa-phone-alt\"><\/i> +386 (0)2 577 60 24.<br \/>\nOrganizator: <a href=\"https:\/\/vetecztarsulat.hu\/\">Vetecz T\u00e1rsulat<\/a> | V sodelovanju s <a href=\"https:\/\/www.kkl.si\/\">Knji\u017enico \u2013 Kulturnim centrom Lendava<\/a>.<\/div>\n<p><a href=\"https:\/\/www1.kkl.si\/wp-content\/uploads\/2026\/09\/rockbalett_web.jpg\" data-lbwps-width=\"2142\" data-lbwps-height=\"3000\" data-lbwps-srcsmall=\"https:\/\/www1.kkl.si\/wp-content\/uploads\/2026\/09\/rockbalett_web.jpg\"><img loading=\"lazy\" decoding=\"async\" class=\"size-medium wp-image-27951 alignleft\" src=\"https:\/\/www1.kkl.si\/wp-content\/uploads\/2026\/09\/rockbalett_web-scaled-286x400.jpg\" alt=\"\" width=\"286\" height=\"400\" srcset=\"https:\/\/www1.kkl.si\/wp-content\/uploads\/2026\/09\/rockbalett_web-scaled-286x400.jpg 286w, https:\/\/www1.kkl.si\/wp-content\/uploads\/2026\/09\/rockbalett_web-scaled-1071x1500.jpg 1071w, https:\/\/www1.kkl.si\/wp-content\/uploads\/2026\/09\/rockbalett_web-scaled.jpg 1828w\" sizes=\"auto, (max-width: 286px) 100vw, 286px\" \/><\/a><strong>Opis:<\/strong><\/p>\n<p>Plesna skupina Vetecz T\u00e1rsulat je za\u010dela svojo ustvarjalno pot v Zalaegerszegu pod vodstvom plesne in uprizoritvene umetnice Veronike N\u00e9meth ter ob strokovni podpori koreografa in plesalca Istv\u00e1na Varge, prejemnika nagrade Th\u00e1lia.<\/p>\n<p>Njihova prva samostojna plesnogledali\u0161ka produkcija se je v kratkem \u010dasu predstavila na ve\u010d uglednih prizori\u0161\u010dih, velik uspeh pa je do\u017eivela tudi na festivalu Vadp\u00f6rk\u00f6lt v Zalaegerszegu.<\/p>\n<p>Skupina trenutno pripravlja novo predstavo, katere slavnostna premiera je predvidena decembra 2026.<\/p>\n<p>Vetecz T\u00e1rsulat je raznolika in vsestranska ustvarjalna skupnost, ki suvereno deluje v razli\u010dnih umetni\u0161kih zvrsteh ter je vselej odprta za sodelovanje z nadarjenimi posamezniki, umetniki in drugimi ustvarjalci.<\/p>\n<p>Njihova najuspe\u0161nej\u0161a in pri ob\u010dinstvu najbolj priljubljena produkcija je ROCKBALET. Dinami\u010dna, vizualno privla\u010dna in \u010dustveno nabita predstava zdru\u017euje ikoni\u010dni svet mad\u017earske in ameri\u0161ke rock glasbe z izrazno mo\u010djo sodobnega plesnega gledali\u0161\u010da.<\/p>\n<p>Uspe\u0161na produkcija se septembra odpravlja na mednarodno turnejo, v okviru katere bo skupina to edinstveno umetni\u0161ko stvaritev predstavila tudi v Transilvaniji in Sloveniji.<\/p>\n<p><iframe loading=\"lazy\" title=\"Rock Balett Premier\" width=\"720\" height=\"405\" src=\"https:\/\/www.youtube.com\/embed\/tZc2rpbF4CM?feature=oembed\" frameborder=\"0\" allow=\"accelerometer; autoplay; clipboard-write; encrypted-media; gyroscope; picture-in-picture; web-share\" referrerpolicy=\"strict-origin-when-cross-origin\" allowfullscreen><\/iframe><\/p>\n<p><i class=\"fas fa-link\" style=\"solid\"><\/i> <a href=\"https:\/\/vetecztarsulat.hu\/\">Vetecz T\u00e1rsulat<\/a><\/p>\n","protected":false},"excerpt":{"rendered":"<p>sobota, 26. september 2026, ob 19.0000 | Gledali\u0161ka in koncertna dvorana Lendava plesna predstava z najve\u010djimi rock uspe\u0161nicami Vstopnina: 15 \u20ac Vstopnice so na voljo na blagajni Gledali\u0161ke in koncertne dvorane Lendava. Blagajna: +386 (0)2 577 60 24. Organizator: Vetecz T\u00e1rsulat | V sodelovanju s Knji\u017enico \u2013 Kulturnim centrom Lendava. Opis: Plesna skupina Vetecz T\u00e1rsulat [&hellip;]<\/p>\n","protected":false},"author":2,"featured_media":27951,"parent":0,"menu_order":0,"comment_status":"closed","ping_status":"closed","template":"","meta":{"footnotes":""},"class_list":["post-27953","page","type-page","status-publish","has-post-thumbnail","hentry","post","post-with-thumbnail","post-with-thumbnail-icon"],"_links":{"self":[{"href":"https:\/\/www1.kkl.si\/sl\/wp-json\/wp\/v2\/pages\/27953","targetHints":{"allow":["GET"]}}],"collection":[{"href":"https:\/\/www1.kkl.si\/sl\/wp-json\/wp\/v2\/pages"}],"about":[{"href":"https:\/\/www1.kkl.si\/sl\/wp-json\/wp\/v2\/types\/page"}],"author":[{"embeddable":true,"href":"https:\/\/www1.kkl.si\/sl\/wp-json\/wp\/v2\/users\/2"}],"replies":[{"embeddable":true,"href":"https:\/\/www1.kkl.si\/sl\/wp-json\/wp\/v2\/comments?post=27953"}],"version-history":[{"count":10,"href":"https:\/\/www1.kkl.si\/sl\/wp-json\/wp\/v2\/pages\/27953\/revisions"}],"predecessor-version":[{"id":27976,"href":"https:\/\/www1.kkl.si\/sl\/wp-json\/wp\/v2\/pages\/27953\/revisions\/27976"}],"wp:featuredmedia":[{"embeddable":true,"href":"https:\/\/www1.kkl.si\/sl\/wp-json\/wp\/v2\/media\/27951"}],"wp:attachment":[{"href":"https:\/\/www1.kkl.si\/sl\/wp-json\/wp\/v2\/media?parent=27953"}],"curies":[{"name":"wp","href":"https:\/\/api.w.org\/{rel}","templated":true}]}}

Vetecz Társulat: Rockbalet

<div class="opis"><i class="fas fa-clock"></i> <strong>sobota, 26. september 2026, ob 19.0000</strong> | Gledališka in koncertna dvorana Lendava<img loading="lazy" decoding="async" class="wp-image-1592 alignright" title="Plačljiva prireditev" src="https://www1.kkl.si/wp-content/uploads//2020/07/spored_simb_placljiva-1.svg" alt="placljiva" width="30" height="30" srcset="https://www1.kkl.si/wp-content/uploads//2020/07/spored_simb_placljiva-1.svg 150w, https://www1.kkl.si/wp-content/uploads//2020/07/spored_simb_placljiva-1.svg 400w, https://www1.kkl.si/wp-content/uploads//2020/07/spored_simb_placljiva-1.svg 1500w, https://www1.kkl.si/wp-content/uploads//2020/07/spored_simb_placljiva-1.svg 100w" sizes="auto, (max-width: 30px) 100vw, 30px" /><br />
<i class="fas fa-chevron-circle-right"></i> <strong>plesna predstava z največjimi rock uspešnicami<br />
</strong> <i class="fas fa-ticket-alt"></i> Vstopnina: <strong>15 €</strong><br />
Vstopnice so na voljo na blagajni Gledališke in koncertne dvorane Lendava. Blagajna: <i class="fas fa-phone-alt"></i> +386 (0)2 577 60 24.<br />
Organizator: <a href="https://vetecztarsulat.hu/">Vetecz Társulat</a> | V sodelovanju s <a href="https://www.kkl.si/">Knjižnico – Kulturnim centrom Lendava</a>.</div>
<p><a href="https://www1.kkl.si/wp-content/uploads/2026/09/rockbalett_web.jpg" data-lbwps-width="2142" data-lbwps-height="3000" data-lbwps-srcsmall="https://www1.kkl.si/wp-content/uploads/2026/09/rockbalett_web.jpg"><img loading="lazy" decoding="async" class="size-medium wp-image-27951 alignleft" src="https://www1.kkl.si/wp-content/uploads/2026/09/rockbalett_web-scaled-286x400.jpg" alt="" width="286" height="400" srcset="https://www1.kkl.si/wp-content/uploads/2026/09/rockbalett_web-scaled-286x400.jpg 286w, https://www1.kkl.si/wp-content/uploads/2026/09/rockbalett_web-scaled-1071x1500.jpg 1071w, https://www1.kkl.si/wp-content/uploads/2026/09/rockbalett_web-scaled.jpg 1828w" sizes="auto, (max-width: 286px) 100vw, 286px" /></a><strong>Opis:</strong></p>
<p>Plesna skupina Vetecz Társulat je začela svojo ustvarjalno pot v Zalaegerszegu pod vodstvom plesne in uprizoritvene umetnice Veronike Németh ter ob strokovni podpori koreografa in plesalca Istvána Varge, prejemnika nagrade Thália.</p>
<p>Njihova prva samostojna plesnogledališka produkcija se je v kratkem času predstavila na več uglednih prizoriščih, velik uspeh pa je doživela tudi na festivalu Vadpörkölt v Zalaegerszegu.</p>
<p>Skupina trenutno pripravlja novo predstavo, katere slavnostna premiera je predvidena decembra 2026.</p>
<p>Vetecz Társulat je raznolika in vsestranska ustvarjalna skupnost, ki suvereno deluje v različnih umetniških zvrsteh ter je vselej odprta za sodelovanje z nadarjenimi posamezniki, umetniki in drugimi ustvarjalci.</p>
<p>Njihova najuspešnejša in pri občinstvu najbolj priljubljena produkcija je ROCKBALET. Dinamična, vizualno privlačna in čustveno nabita predstava združuje ikonični svet madžarske in ameriške rock glasbe z izrazno močjo sodobnega plesnega gledališča.</p>
<p>Uspešna produkcija se septembra odpravlja na mednarodno turnejo, v okviru katere bo skupina to edinstveno umetniško stvaritev predstavila tudi v Transilvaniji in Sloveniji.</p>
<p><iframe loading="lazy" title="Rock Balett Premier" width="720" height="405" src="https://www.youtube.com/embed/tZc2rpbF4CM?feature=oembed" frameborder="0" allow="accelerometer; autoplay; clipboard-write; encrypted-media; gyroscope; picture-in-picture; web-share" referrerpolicy="strict-origin-when-cross-origin" allowfullscreen></iframe></p>
<p><i class="fas fa-link" style="solid"></i> <a href="https://vetecztarsulat.hu/">Vetecz Társulat</a></p>

<p>sobota, 26. september 2026, ob 19.0000 | Gledališka in koncertna dvorana Lendava plesna predstava z največjimi rock uspešnicami Vstopnina: 15 € Vstopnice so na voljo na blagajni Gledališke in koncertne dvorane Lendava. Blagajna: +386 (0)2 577 60 24. Organizator: Vetecz Társulat | V sodelovanju s Knjižnico – Kulturnim centrom Lendava. Opis: Plesna skupina Vetecz Társulat [&hellip;]</p>
